nd x?
67
Suppose 7*x - 3*x = 0. Let i = x + 2. Suppose 10*t - 98 + 10 = 92. Calculate the greatest common divisor of t and i.
2
Suppose -1564*c + 3*i = -1567*c + 147, -c = -3*i - 65. What is the highest common factor of 6201 and c?
53
Let a be (2 + -8)*(-8 - 1824/18). What is the highest common divisor of a and 32?
16
Suppose y - 3094 = 3*g + 3737, 4*y - 27313 = g. Calculate the highest common divisor of y and 12.
12
Suppose -59*b + 13300 = -84*b. Let f = b + 537. Calculate the highest common factor of f and 75.
5
Let t be 160182/990 + (-2)/(-10). Calculate the highest common divisor of t and 342.
18
Let n(v) = -41*v**3 - 5*v**2 - 2*v - 3. Let d be n(-2). Let s be d - (-3 + 6) - 2. What is the greatest common factor of 16 and s?
16
Let c(m) = 48*m**2 - 13*m - 16. Suppose 16*s + 24 = 10*s. Let f be c(s). What is the highest common factor of 12 and f?
12
Let o(x) = -x**3 + 4*x**2 - x + 8. Let r be o(4). Let d be 84/(16/r) + -6. Calculate the highest common factor of d and 75.
15
Let l be ((40/60)/(2/892))/((-43)/(-258)). What is the greatest common factor of l and 16?
8
Let c(h) = -h**3 - 101*h**2 + 32*h - 7086. Let f be c(-102). What is the highest common divisor of f and 44901?
27
Let f be -12 - ((-375)/(-50))/(9/(-4542)). What is the highest common factor of f and 11?
11
Let u be -5*1/(-5)*-23. Let d = -19 - u. Suppose -20 = -d*k + 60. What is the highest common factor of 5 and k?
5
Suppose -x - 2*c + 30 = 0, -2*x - 8 + 66 = 3*c. What is the highest common divisor of x and 3133?
13
Let z be (-17)/(-7) + (-63)/147. Suppose -182 = -5*t - z*f + 1862, -5*t + 5*f = -2030. Calculate the highest common divisor of 51 and t.
51
Let n = 1570 + -1490. Calculate the highest common factor of n and 2360.
40
Suppose 48*d + 30*d - 8875 - 10781 = 0. What is the greatest common factor of d and 546?
42
Suppose -5*x - 3*c + 12 = 0, -2 - 3 = -3*x - 4*c. Suppose x*h - 1134 = -11*h. Calculate the highest common factor of 9 and h.
9
Let a(t) = -2*t - 12. Suppose -200*w + 91 = -207*w. Let c be a(w). What is the greatest common divisor of 98 and c?
14
Let t be ((-8)/(-6))/((-80)/(-10860)). Let s = t - 177. What is the highest common factor of s and 108?
4
Suppose -40 + 6 = -2*a. Let q = -2230 + 2247. What is the greatest common divisor of q and a?
17
Let s(d) = 13*d**2 + 44*d - 9. Let p be s(-7). Let w be ((-3)/(-2))/((-15)/(-200)). What is the highest common factor of p and w?
20
Let x = -58 - -58. Suppose -1456 = -52*o - x*o. What is the greatest common divisor of o and 4?
4
Let c(x) be the second derivative of 31*x**3/6 - 11*x**2 - 2*x - 164. Let k be c(2). Suppose -2*h + 32 = -0*h. What is the highest common factor of k and h?
8
Suppose -a + 5 + 7 = 0. Let k be 2/(((-20)/a)/(-5)). Let u be ((-76)/k)/(1/((-75)/10)). Calculate the highest common divisor of 19 and u.
19
Suppose -5*f + 4 = -i - 9, -2 = 2*i - 4*f. Suppose 7*s - 2341 = 5352. What is the highest common divisor of s and i?
7
Suppose 6*o - 4*b - 3222 = 3002, -2*o - 2*b + 2068 = 0. What is the highest common factor of 333 and o?
37
Let l(r) = -25*r - 1217. Let g be l(-55). What is the highest common factor of 711 and g?
79
Suppose -d + 362 = -8*d + 516. What is the greatest common factor of d and 2827?
11
Suppose 3222 - 7236 = -14*t + 2636. Calculate the highest common factor of t and 225.
25
Let p = -901 + 911. Let i(g) = 0*g + 2*g - 4*g + 0*g + 4. Let x be i(-8). What is the greatest common divisor of x and p?
10
Let f be (292836/299)/(12/78). What is the highest common factor of f and 18?
6
Let n = -8 + 39. Suppose 24 = 42*q - 18. Let o be 5 + (237 - -1) + (q - -4). Calculate the greatest common factor of n and o.
31
Let l be (-42 - -43)*(0 + 1 - 0). Let i(s) = -s + 28*s**2 + 1 + 0*s - l. Let t be i(1). What is the highest common divisor of t and 81?
27
Let h be (-55)/20 - -3 - (-2447)/4. What is the highest common divisor of h and 544?
68
Let f = -2668 - -3915. What is the highest common divisor of f and 43?
43
Let v = 3934 - 3781. Calculate the highest common factor of 9333 and v.
153
Suppose 71*i - 481 = 2643. What is the greatest common divisor of i and 3190?
22
Let p(d) = 54*d - 3561. Let t be p(67). Suppose 2*x + 1045 = 7*x. What is the highest common divisor of t and x?
19
Suppose 0*x - k = 2*x - 110, -2*x = 4*k - 116. Let l be (-77 + -1 + -3)/(7 - 8). Calculate the highest common factor of l and x.
27
Let t be 2/(42/(-1365))*-47. Calculate the highest common factor of 52 and t.
13
Let p(i) = -i**2 - 36*i + 35. Let r be (2/6*-13)/(19/114). Let g be p(r). What is the greatest common divisor of 118 and g?
59
Let x = 181 + -59. Suppose 4*n + 7 = -5*u + x, -5*u - 5*n = -120. What is the highest common factor of u and 95?
19
Suppose -10*g - 126 = -17*g. Suppose g*s = 20*s - 56. What is the highest common divisor of s and 196?
28
Suppose 5 = -5*a, -422 = 3*h - 5*a - 1804. Calculate the highest common divisor of 136 and h.
17
Suppose -46*x + 57*x - 44 = 0. Let c be (3 + -6)*(x + (-80)/15). What is the highest common factor of c and 116?
4
Let y = 125 - 114. Let c = 225 + -170. What is the highest common factor of y and c?
11
Suppose 0*h - 5*h + 185 = 0. Let n = -35 + h. Let f be (-7)/n*1232/(-8). Calculate the greatest common divisor of 49 and f.
49
Suppose 0*w - 69 = -23*w. Suppose 0 = w*l + 2*d - 723, d + 38 + 208 = l. Calculate the greatest common factor of 9 and l.
9
Let o = 282 - 112. Let g be (2 - -318)/2*3/6. What is the greatest common factor of g and o?
10
Let w = 705 - 364. Let g = w + -276. Calculate the highest common factor of g and 455.
65
Let g = -1932 - -2136. Calculate the highest common divisor of g and 1275.
51
Suppose -5*a - 5*u = -3*u - 99, -68 = -4*a + 4*u. Suppose 25*n = 7*n + 22*n - 380. Calculate the greatest common factor of a and n.
19
Let w be (12/(-8) - -2)*12. Suppose -4*f + 4 = 0, 4*f + w = v + f. Let m be 8 - -3*3/v. Calculate the highest common divisor of 72 and m.
9
Let w be (-2 - (-11 + 7))/(1/22). Suppose -34*l - 250 = -w*l. What is the highest common factor of l and 5?
5
Suppose -13*h + 401 + 158 = 0. Let y = 341 - -3. What is the highest common factor of y and h?
43
Let w = -5 - -38. Let m(i) = i**3 + 6*i**2 + 10*i + 13. Let b be m(-6). Let o = b + 50. What is the highest common divisor of w and o?
3
Let z(x) = -26*x + 80. Let h be z(3). Suppose 5*d + 2*n = 951, 62 = h*n + 56. What is the greatest common factor of d and 105?
21
Let y(m) = -688*m - 2567. Let k be y(-5). What is the greatest common factor of 45 and k?
9
Let m = -4 - -6. Suppose 1212*y - 15 = 1207*y. Suppose -y*a + 130 = 2*a - 5*x, -5*a - 2*x = -102. What is the highest common divisor of a and m?
2
Suppose 5*c = -0*c + 1920. Suppose 2*r + c = 14*r. Calculate the greatest common factor of 32 and r.
32
Suppose -3*q + 10 = -2. Suppose -835*t + 832*t = 3*b - 18, 5*b - 21 = -2*t. Calculate the highest common divisor of q and b.
1
Suppose -4*l + 280 = 5*j, -5*l + 25 = -j + 81. What is the highest common divisor of j and 16?
8
Let b(r) = -5*r + 6. Suppose 6*j = 4*j - 22. Let q be b(j). Suppose 3*o - 5 = q. Calculate the greatest common factor of 88 and o.
22
Let u(i) = 131*i**2 - 19*i + 18. Let v be u(1). What is the highest common divisor of 200 and v?
10
Let n be -7 + (-135)/(-15) + (-1 - -4). Suppose -3*z + 7 = -n, -48 = -r - 3*z. What is the greatest common divisor of 81 and r?
9
Let s = -166 + 96. Let u = s - -80. Calculate the highest common factor of 14 and u.
2
Suppose 6*k - 49 + 37 = 0. Suppose 0 = 4*r + k*t - 1142, 2*r - t - 576 = 3*t. What is the greatest common factor of r and 26?
26
Suppose 0 = 17*v + 2*v. Suppose -4*w - 4*m + 47 + 13 = v, 2*m + 54 = 5*w. Let t = 14 + 22. Calculate the highest common divisor of t and w.
12
Suppose 2*h = 2*f + 5*h - 87, 5*h - 15 = 0. What is the highest common factor of f and 15?
3
Suppose 2*b - 2*x - 382 = 0, 7*b - 2*x - 758 = 3*b. Let s = b + -178. Let w = 80 + 10. What is the highest common divisor of s and w?
10
Suppose 3*p - 230 + 1325 = 2*b, 3*p = b - 1092. Let v = p - -387. What is the greatest common factor of v and 3?
3
Suppose -17*v + 20*v - 21 = -k, -2*v = k - 17. Suppose 3*t - q - 630 = 2*q, t - 4*q - 219 = 0. Calculate the highest common factor of t and k.
9
Suppose 4 = 6*z - 152. Suppose d + 3*c = 6*d - 18, d = -5*c + z. Let a = 17 - 7. Calculate